{"id":13,"date":"2025-11-16T18:10:43","date_gmt":"2025-11-16T17:10:43","guid":{"rendered":"https:\/\/miedzyparkami.eu\/?page_id=13"},"modified":"2025-11-16T19:46:36","modified_gmt":"2025-11-16T18:46:36","slug":"kontakt","status":"publish","type":"page","link":"http:\/\/miedzyparkami.eu\/index.php\/kontakt\/","title":{"rendered":"Kontakt"},"content":{"rendered":"\n<p>Marsza\u0142ka J\u00f3zefa Pi\u0142sudskiego 5, 56-300 Milicz<\/p>\n\n\n\t\t\t<div \n\t\t\tclass=\"wp-block-uagb-google-map uagb-google-map__wrap uagb-block-bd6bbcb6     \"\n\t\t\tstyle=\"\" >\n\t\t\t\t<embed\n\t\t\t\t\tclass=\"uagb-google-map__iframe\"\n\t\t\t\t\ttitle=\"Mapa Google dla \"\n\t\t\t\t\tsrc=\"https:\/\/maps.google.com\/maps?q=Milicz%20Mi%C4%99dzy%20Parkami%20&#038;z=16&#038;hl=en&#038;t=m&#038;output=embed&#038;iwloc=near\"\n\t\t\t\t\twidth=\"640\"\n\t\t\t\t\theight=\"300\"\n\t\t\t\t\tloading=\"lazy\"\n\t\t\t\t><\/embed>\n\t\t\t<\/div>\n\t\t\t\n\n\n<p><\/p>\n","protected":false},"excerpt":{"rendered":"<p>Marsza\u0142ka J\u00f3zefa Pi\u0142sudskiego 5, 56-300 Milicz<\/p>\n","protected":false},"author":1,"featured_media":48,"parent":0,"menu_order":0,"comment_status":"closed","ping_status":"closed","template":"","meta":{"_uag_custom_page_level_css":"","footnotes":""},"class_list":["post-13","page","type-page","status-publish","has-post-thumbnail","hentry"],"magazineBlocksPostFeaturedMedia":{"thumbnail":"http:\/\/miedzyparkami.eu\/wp-content\/uploads\/2025\/11\/kobieta-recepcjonistka-w-eleganckim-garniturze-w-godzinach-pracy-150x150.jpg","medium":"http:\/\/miedzyparkami.eu\/wp-content\/uploads\/2025\/11\/kobieta-recepcjonistka-w-eleganckim-garniturze-w-godzinach-pracy-300x200.jpg","medium_large":"http:\/\/miedzyparkami.eu\/wp-content\/uploads\/2025\/11\/kobieta-recepcjonistka-w-eleganckim-garniturze-w-godzinach-pracy-768x512.jpg","large":"http:\/\/miedzyparkami.eu\/wp-content\/uploads\/2025\/11\/kobieta-recepcjonistka-w-eleganckim-garniturze-w-godzinach-pracy-1024x683.jpg","1536x1536":"http:\/\/miedzyparkami.eu\/wp-content\/uploads\/2025\/11\/kobieta-recepcjonistka-w-eleganckim-garniturze-w-godzinach-pracy-1536x1024.jpg","2048x2048":"http:\/\/miedzyparkami.eu\/wp-content\/uploads\/2025\/11\/kobieta-recepcjonistka-w-eleganckim-garniturze-w-godzinach-pracy-2048x1365.jpg","twentyseventeen-featured-image":"http:\/\/miedzyparkami.eu\/wp-content\/uploads\/2025\/11\/kobieta-recepcjonistka-w-eleganckim-garniturze-w-godzinach-pracy-2000x1200.jpg","twentyseventeen-thumbnail-avatar":"http:\/\/miedzyparkami.eu\/wp-content\/uploads\/2025\/11\/kobieta-recepcjonistka-w-eleganckim-garniturze-w-godzinach-pracy-100x100.jpg"},"magazineBlocksPostAuthor":{"name":"admin","avatar":"https:\/\/secure.gravatar.com\/avatar\/d904a959c22bf35312b0c4a49bad4e1c0cc404951b1d1cd3181e42badb4bc54b?s=96&d=mm&r=g"},"magazineBlocksPostCommentsNumber":false,"magazineBlocksPostExcerpt":"Marsza\u0142ka J\u00f3zefa Pi\u0142sudskiego 5, 56-300 Milicz","magazineBlocksPostCategories":[],"magazineBlocksPostViewCount":0,"magazineBlocksPostReadTime":1,"uagb_featured_image_src":{"full":["http:\/\/miedzyparkami.eu\/wp-content\/uploads\/2025\/11\/kobieta-recepcjonistka-w-eleganckim-garniturze-w-godzinach-pracy-scaled.jpg",2560,1707,false],"thumbnail":["http:\/\/miedzyparkami.eu\/wp-content\/uploads\/2025\/11\/kobieta-recepcjonistka-w-eleganckim-garniturze-w-godzinach-pracy-150x150.jpg",150,150,true],"medium":["http:\/\/miedzyparkami.eu\/wp-content\/uploads\/2025\/11\/kobieta-recepcjonistka-w-eleganckim-garniturze-w-godzinach-pracy-300x200.jpg",300,200,true],"medium_large":["http:\/\/miedzyparkami.eu\/wp-content\/uploads\/2025\/11\/kobieta-recepcjonistka-w-eleganckim-garniturze-w-godzinach-pracy-768x512.jpg",525,350,true],"large":["http:\/\/miedzyparkami.eu\/wp-content\/uploads\/2025\/11\/kobieta-recepcjonistka-w-eleganckim-garniturze-w-godzinach-pracy-1024x683.jpg",525,350,true],"1536x1536":["http:\/\/miedzyparkami.eu\/wp-content\/uploads\/2025\/11\/kobieta-recepcjonistka-w-eleganckim-garniturze-w-godzinach-pracy-1536x1024.jpg",1536,1024,true],"2048x2048":["http:\/\/miedzyparkami.eu\/wp-content\/uploads\/2025\/11\/kobieta-recepcjonistka-w-eleganckim-garniturze-w-godzinach-pracy-2048x1365.jpg",2048,1365,true],"twentyseventeen-featured-image":["http:\/\/miedzyparkami.eu\/wp-content\/uploads\/2025\/11\/kobieta-recepcjonistka-w-eleganckim-garniturze-w-godzinach-pracy-2000x1200.jpg",2000,1200,true],"twentyseventeen-thumbnail-avatar":["http:\/\/miedzyparkami.eu\/wp-content\/uploads\/2025\/11\/kobieta-recepcjonistka-w-eleganckim-garniturze-w-godzinach-pracy-100x100.jpg",100,100,true]},"uagb_author_info":{"display_name":"admin","author_link":"http:\/\/miedzyparkami.eu\/index.php\/author\/admin\/"},"uagb_comment_info":0,"uagb_excerpt":"Marsza\u0142ka J\u00f3zefa Pi\u0142sudskiego 5, 56-300 Milicz","_links":{"self":[{"href":"http:\/\/miedzyparkami.eu\/index.php\/wp-json\/wp\/v2\/pages\/13","targetHints":{"allow":["GET"]}}],"collection":[{"href":"http:\/\/miedzyparkami.eu\/index.php\/wp-json\/wp\/v2\/pages"}],"about":[{"href":"http:\/\/miedzyparkami.eu\/index.php\/wp-json\/wp\/v2\/types\/page"}],"author":[{"embeddable":true,"href":"http:\/\/miedzyparkami.eu\/index.php\/wp-json\/wp\/v2\/users\/1"}],"replies":[{"embeddable":true,"href":"http:\/\/miedzyparkami.eu\/index.php\/wp-json\/wp\/v2\/comments?post=13"}],"version-history":[{"count":6,"href":"http:\/\/miedzyparkami.eu\/index.php\/wp-json\/wp\/v2\/pages\/13\/revisions"}],"predecessor-version":[{"id":105,"href":"http:\/\/miedzyparkami.eu\/index.php\/wp-json\/wp\/v2\/pages\/13\/revisions\/105"}],"wp:featuredmedia":[{"embeddable":true,"href":"http:\/\/miedzyparkami.eu\/index.php\/wp-json\/wp\/v2\/media\/48"}],"wp:attachment":[{"href":"http:\/\/miedzyparkami.eu\/index.php\/wp-json\/wp\/v2\/media?parent=13"}],"curies":[{"name":"wp","href":"https:\/\/api.w.org\/{rel}","templated":true}]}}

<p>Marszałka Józefa Piłsudskiego 5, 56-300 Milicz</p>


			<div 
			class="wp-block-uagb-google-map uagb-google-map__wrap uagb-block-bd6bbcb6     "
			style="" >
				<embed
					class="uagb-google-map__iframe"
					title="Mapa Google dla "
					src="https://maps.google.com/maps?q=Milicz%20Mi%C4%99dzy%20Parkami%20&#038;z=16&#038;hl=en&#038;t=m&#038;output=embed&#038;iwloc=near"
					width="640"
					height="300"
					loading="lazy"
				></embed>
			</div>
			


<p></p>

<p>Marszałka Józefa Piłsudskiego 5, 56-300 Milicz</p>

Marszałka Józefa Piłsudskiego 5, 56-300 Milicz
